2 + 2 + 7 - 5 - 1. Calculate f(p).
3
Suppose -c = 2*c. Suppose -3*y + 2*p + c*p = -47, p + 33 = 2*y. Suppose 5*w = -l - y, -5 = -w - 3*l - 6. Let f(n) = 3*n + 6. What is f(w)?
-6
Let h be 4/3 - (-2)/3. Let f = 5 - 0. Let m(l) = l**3 - 1 - f*l**3 + l + 2*l**h + 2*l**3. What is m(2)?
-7
Let d(r) = -r. Let b(s) = -s - 1. Let g(l) = -25*l - 20. Let a(x) = 15*b(x) - g(x). Let m(y) = -a(y) - 5*d(y). Give m(-4).
15
Let u(w) = w**2 + 9*w + 7. Suppose -3*b + 0*b = 27. Let p be u(b). Let d(v) = -v + 10. Determine d(p).
3
Suppose 0 = -2*c + 6*c + 16. Let d(u) = -17*u - 10. Let r(q) = 8*q + 5. Let o(y) = 6*d(y) + 13*r(y). Give o(c).
-3
Let q(j) = 3*j + 1. Let l be q(1). Suppose -l*c = -5*z - 15, -24 = -4*c - 2*z - 2*z. Let s(m) = m - 2. Determine s(c).
3
Let c(z) = z**2 + 9*z - 1. Let l be (-6 + 3)/((-6)/(-16)). Determine c(l).
-9
Let p(d) = -3 - d**2 + 3*d**2 + 1. Suppose -12 = 5*c - 2. Give p(c).
6
Let o(z) = 0 + 1 - 7 + z**2. Let x(h) = -h**3 - 9*h**2 + 9*h - 9. Let m be x(-10). Let d = -1 + m. What is o(d)?
-6
Suppose 2*g + 4*l - 4 = 20, 4*l - 12 = g. Let s(x) be the first derivative of x**4/4 - 5*x**3/3 + 5*x**2/2 - x + 28. Calculate s(g).
3
Let a(k) = 2*k**3 + 2*k + 9. Let i(n) = -n**3 - n - 4. Let g(q) = 4*a(q) + 9*i(q). Let c(w) = -w**3 - 5*w**2 - 2*w + 2. Let y(o) = -c(o) + 2*g(o). Give y(5).
-2
Let f = -27 - -39. Suppose a - 2*p - 8 = 0, -2*a = -0*a + 3*p + f. Let v(o) = -o**2 + 1. What is v(a)?
1
Let j(p) = -p - 2 + 1 + 27*p**2 - 53*p**2. What is j(-1)?
-26
Let r(l) = -l**3 - 5*l**2 - 3*l + 1. Let z(m) = 3*m. Let v be z(1). Let f(k) = -k**3 + 6*k**2 - 5*k - 6. Let u be f(5). Let g be u - 3*(-2)/v. Give r(g).
-3
Let x(i) = 5 + i**3 + 3 + 5*i - 3 - 8*i**2 + 2*i**2. Determine x(5).
5
Let z = 1 + 1. Suppose 0 = -2*v + 4*t - 6, 4*v - z*t - t = -2. Let j = -2 - v. Let r(q) = q**3 + 4*q**2 + 2*q. What is r(j)?
3
Let d(a) = -3*a + 4. Let m be d(2). Let r(x) = 4*x + 2. Give r(m).
-6
Let l(b) = -b**3 + 5*b**2 - b + 5. Let y be l(5). Let m(f) = f**3 - 2*f - 3*f**3 + 1 + y*f**3 + 3*f**3. Let k be 3/5 + 4/10. Determine m(k).
0
Suppose -2 = 5*i - 7. Let b(l) = -5 - 2*l**2 - i + l + l**2. Let v(r) = 11*r - 77. Let j be v(7). Give b(j).
-6
Let c(m) be the second derivative of -1/6*m**3 - 3*m - m**2 + 0 + 1/4*m**4 + 1/20*m**5. What is c(-3)?
1
Let k(s) = -s + 1. Let h(d) = 4*d - 8. Let a(x) = -h(x) - 6*k(x). Calculate a(-5).
-8
Let x be (-40)/15*6/(-4). Let b be x/26 - 378/(-78). Suppose -3*q = b*j + 34, -2*j - 10 = -5*q + 3*j. Let u(t) = t**3 + t**2 - 2*t + 3. Determine u(q).
-9
Suppose 3*b - 2*b + 3*k + 18 = 0, -8 = 2*k. Let n(d) = d + 5. Calculate n(b).
-1
Let q(h) = -h + 1. Let y(z) = 5*z + 1. Let d be y(1). Let j(k) = k - 4. Let g be j(d). Let b be (-2*1/g)/(-1). What is q(b)?
0
Let f be 22/(-5) - 21/35. Let a = -3 - -6. Let j(k) = 0*k**3 + a*k**3 - 5*k**2 - 2*k - 4 - 4*k**3. Determine j(f).
6
Let d(m) = m**3 + 11*m**2 - 6*m + 4. Suppose -20 = 5*r, -2*j - 12 = r + 2. Let l(c) = -c**3 - 12*c**2 + 7*c - 5. Let n(q) = j*l(q) - 6*d(q). Determine n(-6).
-5
Let k = 27 - 9. Let x be 10/(-45) + 4/k. Let m(s) = s**3 + s**2 - s - 5. Give m(x).
-5
Let z(i) = 3*i**3 - 6 - 6*i**3 + 2*i**2 - i**3 - 3*i. Let f(t) = 11*t**3 - 7*t**2 + 8*t + 17. Let r(s) = 3*f(s) + 8*z(s). What is r(4)?
-13
Let t(a) = a**3 - 4*a**2 - 3*a - 3. Let u(x) = -x**3 - x**2 + 2. Suppose z = -2*z, v - z + 2 = 0. Let w be u(v). Suppose -25 = -w*i + i. Determine t(i).
7
Suppose -d - 1 = 1. Let b be ((-4)/10)/(d/10). Let l(a) = a**3 - 2*a + 3. Let i(p) = 3*p**3 - 6*p + 9. Let m(v) = 3*i(v) - 8*l(v). Determine m(b).
7
Let z(o) be the first derivative of -o**3/3 - 3*o**2/2 + 3*o - 37. Calculate z(-5).
-7
Let q(j) be the third derivative of 0*j**3 + 1/60*j**5 - 2*j**2 - 1/6*j**4 + 0*j + 0. Determine q(4).
0
Let z(s) = s**2 + 2*s - 4. Let c be z(-4). Suppose -5*k + 43 = -42. Let h(g) = 15*g + 6*g**2 - k*g - 5*g**2 - 4. What is h(c)?
4
Let v = -12 - -36. Let i be (v/(-28))/(1/(-7)). Let h(g) = 4*g - 5*g + 2 - i. Determine h(4).
-8
Let f(j) = 4*j - 18. Let p(u) = u - 6. Let z(l) = -3*f(l) + 10*p(l). Determine z(-4).
2
Let a(i) be the second derivative of i**6/720 - i**5/24 - i**4/3 - i. Let m(y) be the third derivative of a(y). Determine m(5).
0
Let y(t) = t**2 + 2*t - 1. Let w be 1/(-1)*-31 + -1. Let g = 11 + -7. Suppose w = -5*x + 5*h - 3*h, -g*h + 4 = 4*x. Give y(x).
7
Let q be -2 + -1 + 5/1. Let v(l) = -l**2 + 5*l**2 - l - 4*l**2 + l**q + 1. Let o = -6 + 4. Give v(o).
7
Let q(m) = m**3 - 6*m**2 - 6*m + 3. Suppose -r + d - 4*d + 4 = 0, 4*d + 25 = 3*r. Determine q(r).
10
Let x(o) = -6*o - 2*o + 6 + 4*o + 3*o. What is x(-5)?
11
Suppose 3 = -5*z - 32. Let a(r) = r**2 + 9*r + 4. Calculate a(z).
-10
Let g(s) = -s**3 + 7*s**2 - 2. Let f(a) = a**3 - 6*a**2 - a + 1. Let b(x) = 3*f(x) + 2*g(x). Give b(5).
9
Suppose y = -3*y + 16. Let u(i) = -i**2 - 4*i - 1. Let f be u(-2). Let j(w) = 1 + f*w - 3 - 3. Give j(y).
7
Let o(a) = -7*a - 6. Let r be 1/((-10)/(-8))*-5. Give o(r).
22
Let f(q) = -5*q + 0 + q**2 - q**3 + 4*q**2 + 1 + 0*q**3. Calculate f(4).
-3
Let n be ((-3)/9)/((-5)/60). Let r(i) = i**2 - 4*i + 5. What is r(n)?
5
Let u(a) = -4*a + 44 - 86 + 22*a + 43. Calculate u(-1).
-17
Let f(s) = -3*s**2 - 5*s + 5. Let z(w) be the first derivative of -w**3/3 - w**2/2 + w + 8. Let y(h) = -f(h) + 4*z(h). Calculate y(0).
-1
Let f = -5 - -11. Suppose -8 = 7*y + f. Let i(d) = 2*d + 6. Let s(n) = n + 2. Let l(w) = 3*i(w) - 8*s(w). Give l(y).
6
Let f = -10 - -10. Let v(q) = -3 - q**2 + 2*q**2 + 5 + 12*q**3 - 13*q**3. What is v(f)?
2
Suppose 2 = -t + 2*z, -4*t + 0*z + 5*z = -7. Let m(a) = -2*a - t*a**2 + 2*a - 5*a**2. Determine m(1).
-13
Let l(r) = 36*r**3 + r**2 + 22. Let h(j) = 9*j**3 + 5. Let w(d) = -9*h(d) + 2*l(d). Calculate w(1).
-8
Let o = -13 - -15. Let t(i) = 1 + 5*i**o + i - i + 0*i. Calculate t(-1).
6
Let h(o) = -o**2 - 7*o + 1. Let l be h(-7). Suppose -4*a - 18 = -5*j, -4*j + a = 5*a. Let x(c) = 0*c**2 + c**j - 4*c**3 + 7*c**3. Calculate x(l).
4
Let n = -48 - -45. Let i(m) = 2*m**2 + 2*m**2 - 4 + m**3 + m + 1. Calculate i(n).
3
Let v(h) = h**2 + 2*h - 11. Let k be v(-5). Let c(m) be the second derivative of m**3/6 - m**2 - m. Determine c(k).
2
Suppose 2*j = -w - j + 14, 40 = 5*w + 5*j. Let n(g) = 37*g - 83*g - 1 + 45*g. Calculate n(w).
-6
Suppose -16 = 14*s - 6*s. Let z(l) = 12*l + 2. What is z(s)?
-22
Let n = 43 - 23. Let d = n - 18. Let u(a) be the third derivative of a**4/24 - a**3/2 - a**2. Calculate u(d).
-1
Suppose -a = -3*z + 2, 8*a = 3*a - 5*z - 30. Let f(s) = s - 6. Let t(j) = -1. Let u(c) = f(c) - 6*t(c). Determine u(a).
-5
Let v(q) = 3*q + 18. Let h be v(-5). Let l(b) = -b**2 + 5*b - 4. What is l(h)?
2
Let i(v) = 1 - 4 - 2*v - 3. Let y be i(-4). Let o(x) = 4*x**2 - x + x**2 + 2 - x**3 - 4*x**y. Give o(0).
2
Let h = -2 - -4. Let f be 3 + -2 - 0 - -10. Let b(v) = -4*v + 2*v**h + f*v**2 - 2 - 12*v**2. Determine b(4).
-2
Let v(r) = 2*r**2 + 25*r - 13. Let y be v(-13). Let i(x) = x - 4. Give i(y).
-4
Let k(z) be the first derivative of z**3/3 - z**2/2 + 2. Suppose 2 = -5*j + 3*t, 4*j - 3*t = 5*j + 4. Determine k(j).
2
Suppose 0 = -3*v + v + 6. Let u(r) = r**3 - 3*r**2 - 3*r. What is u(v)?
-9
Let f be (-63)/(-12) - 3/12. Let m(z) = 0*z - z**3 + 0*z**3 + 0*z - 1 - 2*z + 5*z**2. What is m(f)?
-11
Let x(b) = 2*b**3 - 2*b**2 - b - 2. Let i(j) = 5 + 7*j + 11 - j**2 - 6. Let h be i(8). Calculate x(h).
4
Let g = 9 + -7. Let q(h) = 0*h - 3*h**g - h**3 - 8 + 4*h**2 + 0*h. What is q(0)?
-8
Let h(a) = a + 4*a + 2 - 5*a + 2*a. Give h(5).
12
Let q be -4 + 1 + (-2 + 7)*1. Let z(d) = -d**2 + 3*d - 2. Calculate z(q).
0
Let u(z) = 8*z - 1. Let a be 10/(-5) - (-2 + -2). Calculate u(a).
15
Let l(c) = -c**2 - 5*c - 4. Let u(g) = -2*g**2 - 9*g - 7. Let q(x) = 11*l(x) - 6*u(x). Let i be q(-2). Let k(p) = -p**3 + 3*p**2 + 4*p - 4. Give k(i).
-4
Suppose 0 = -7*z + 2*z. Let p be z/3 + 6 + -3. Let a(f) = f**3 - 2*f**2. Calculate a(p).
9
Let o(v) be the third derivative of v**5/60 - v**4/24 + v**3/6 - 13*v**2. Determine o(2).
3
Let w(b) = b**3 - 4*b - 3. Suppose 0 = n - 5, -5*s + 5 = 5*n - 2*n. Determine w(s).
-3
Let i(g) = g**2 + 6*g + 3. Suppose 0 = 2*s + 2*s - 8. Let y be (2 + -8)*1/s. Determine i(y).
-6
Suppose 0 = -0*l + 5*l - 2*r + 42, -2*l - 3*r = 13. Let z(o) = o**2 + 10*o + 11. Determine z(l).
-5
Let o(r) = -r - 2. Suppose 